ivide 4234746408?
False
Is 560111155 a multiple of 215?
False
Is 486 a factor of 339864660?
True
Does 1717 divide 2100742734?
False
Does 120 divide 1055485091?
False
Is 235409655 a multiple of 13?
True
Does 7 divide 30663947?
False
Is 65779621 a multiple of 574?
False
Does 275 divide 214346275?
True
Is 40482089 a multiple of 157?
False
Does 279 divide 22972511?
False
Is 1619900478 a multiple of 6993?
True
Does 89 divide 39327142?
True
Is 20510989 a multiple of 110?
False
Is 17 a factor of 317345307?
True
Does 43 divide 32531908?
True
Is 105 a factor of 157717035?
True
Is 5 a factor of 22027965?
True
Is 76 a factor of 9409864?
True
Is 4474440674 a multiple of 5496?
False
Does 2063 divide 1686997432?
False
Is 754992 a multiple of 32?
False
Is 331179334 a multiple of 383?
True
Does 826 divide 73493534?
False
Is 145 a factor of 145230863?
False
Is 16 a factor of 103654215?
False
Is 5 a factor of 1519040?
True
Does 3897 divide 161861895?
True
Is 35189617 a multiple of 443?
False
Does 153 divide 958617120?
False
Does 3 divide 29788244?
False
Does 23 divide 5175994?
False
Is 46 a factor of 23684772?
False
Is 3250 a factor of 64879750?
True
Is 589292470 a multiple of 3770?
True
Is 43 a factor of 269784322?
True
Is 21 a factor of 81896808?
True
Does 10 divide 103285979?
False
Is 779414685 a multiple of 483?
True
Does 13 divide 84076850?
True
Is 18669929 a multiple of 47?
False
Does 27 divide 83422785?
False
Does 369 divide 363594943?
False
Is 8717469 a multiple of 5?
False
Does 147 divide 57249926?
False
Does 12 divide 4471971434?
False
Is 23 a factor of 8969742?
False
Is 22519904 a multiple of 638?
False
Is 74 a factor of 24151898?
True
Is 34792200 a multiple of 24?
True
Does 11 divide 4659953?
False
Is 18879987 a multiple of 14?
False
Is 11 a factor of 67334796?
False
Does 20 divide 385898940?
True
Does 160 divide 12869120?
True
Does 661 divide 340831430?
True
Is 16 a factor of 24470448?
True
Does 368 divide 2019946907?
False
Is 452544224 a multiple of 4?
True
Does 568 divide 24185458?
False
Is 72271360 a multiple of 70?
True
Is 16442164 a multiple of 18?
False
Is 5379178224 a multiple of 15584?
False
Is 41 a factor of 954803572?
True
Is 2220 a factor of 743218260?
True
Does 8 divide 316032107?
False
Is 6 a factor of 9375294?
True
Does 2920 divide 1996377720?
True
Is 2979211 a multiple of 50?
False
Is 33 a factor of 339230034?
True
Is 1371668692 a multiple of 12?
False
Does 20 divide 702174440?
True
Does 51 divide 61693266?
False
Is 511853822 a multiple of 23?
True
Does 7 divide 42208063?
False
Is 179644404 a multiple of 5884?
True
Is 2618646120 a multiple of 1368?
True
Does 1005 divide 14878020?
True
Is 210178253 a multiple of 4?
False
Is 1892200 a multiple of 8?
True
Does 1646 divide 155186526?
True
Is 34 a factor of 19536468?
True
Does 832 divide 28971072?
True
Does 16 divide 67157574?
False
Does 5 divide 25766965?
True
Is 16314112 a multiple of 256?
True
Is 1347 a factor of 16523140?
False
Does 258 divide 31330230?
True
Is 1320 a factor of 350920746?
False
Is 1001136260 a multiple of 716?
True
Is 640 a factor of 937035415?
False
Is 2044298200 a multiple of 175?
True
Is 1918 a factor of 203799498?
False
Does 1093 divide 628925316?
True
Is 141 a factor of 461750758?
False
Is 6705140 a multiple of 2?
True
Does 4 divide 10899948?
True
Does 393 divide 275174?
False
Does 31 divide 46825314?
True
Does 13 divide 54766660?
True
Is 3 a factor of 5965961?
False
Does 281 divide 591852530?
False
Does 127 divide 3310755634?
True
Is 1087 a factor of 1335680437?
False
Is 4781898 a multiple of 4?
False
Is 12043632 a multiple of 48?
True
Is 886259161 a multiple of 19?
True
Is 765102798 a multiple of 6142?
True
Is 76 a factor of 208679128?
True
Is 1731 a factor of 565382682?
True
Is 13 a factor of 403208065?
True
Is 1200014992 a multiple of 152?
False
Does 45 divide 65642625?
True
Is 131092840 a multiple of 260?
False
Is 190477493 a multiple of 231?
False
Does 36 divide 441123575?
False
Does 136 divide 234075204?
False
Is 45967012 a multiple of 431?
True
Is 33 a factor of 62564304?
True
Is 91415727 a multiple of 25?
False
Does 2 divide 2627117?
False
Is 21001613 a multiple of 4?
False
Is 153 a factor of 1537573188?
False
Is 163812525 a multiple of 5?
True
Is 23 a factor of 10184315?
False
Is 37679832 a multiple of 34?
False
Does 691 divide 404352219?
False
Is 41481406 a multiple of 46?
False
Is 35 a factor of 123325965?
True
Does 104 divide 329389320?
True
Is 28 a factor of 149709243?
False
Is 6694 a factor of 5180506682?
True
Is 121 a factor of 14422278?
False
Is 23 a factor of 329882192?
True
Is 8 a factor of 9703064?
True
Is 114 a factor of 54308574?
True
Does 265 divide 64301867?
False
Is 1043646 a multiple of 186?
True
Is 2256327073 a multiple of 4277?
True
Is 287101796 a multiple of 2468?
False
Is 10 a factor of 385278720?
True
Is 4 a factor of 85140560?
True
Is 215 a factor of 9120436?
False
Is 227 a factor of 930103240?
False
Is 6 a factor of 1713262916?
False
Does 17 divide 919149285?
True
Is 324505150 a multiple of 1627?
True
Is 1233618403 a multiple of 6300?
False
Is 146893980 a multiple of 849?
True
Is 79 a factor of 389729831?
True
Is 20 a factor of 107394120?
True
Is 515596290 a multiple of 115?
True
Is 38818723 a multiple of 336?
False
Is 78 a factor of 51993710?
False
Is 1138990948 a multiple of 76?
True
Is 135101295 a multiple of 595?
True
Is 4 a factor of 28314836?
True
Is 24 a factor of 496562436?
False
Is 2425 a factor of 135475050?
True
Is 3836 a factor of 1113882336?
True
Is 10586614 a multiple of 34?
True
Is 26055810 a multiple of 188?
False
Is 99341196 a multiple of 114?
True
Is 283 a factor of 10063641?
False
Does 59 divide 19269228?
False
Is 73239972 a multiple of 52?
True
Does 458 divide 7280677?
False
Is 1742 a factor of 383597110?
True
Does 2606 divide 7676791?
False
Does 48 divide 3654548604?
False
Is 8609214283 a multiple of 2688?
False
Does 16 divide 44157507?
False
Is 220 a factor of 321014100?
True
Is 156041079 a multiple of 51?
True
Is 8982782 a multiple of 799?
False
Is 171 a factor of 1479906431?
False
Is 6680245 a multiple of 11?
True
Is 4123249100 a multiple of 50?
True
Is 174794513 a multiple of 114?
False
Is 1529 a factor of 87664335?
False
Does 250 divide 19470362?
False
Does 347 divide 1163973330?
True
Is 3 a factor of 15035499?
True
Does 14 divide 243711572?
False
Is 2 a factor of 19147426?
True
Does 1580 divide 82209164?
False
Is 20 a factor of 84356757?
False
Does 6 divide 24838060?
False
Is 184 a factor of 188023712?
True
Is 6294820 a multiple of 1900?
False
Is 38 a factor of 54732871?
False
Is 3821251965 a multiple of 9715?
False
Is 37402613 a multiple of 140?
False
Does 54 divide 69552494?
False
Does 418 divide 942251015?
False
Does 8 divide 14787099?
False
Is 7908159 a multiple of 161?
True
Is 19 a factor of 80090453?
True
Is 117368229 a multiple of 105?
False
Is 94 a factor of 5137945?
False
Is 593 a factor of 77418019?
False
Is 411 a factor of 3052450557?
True
Is 148087087 a multiple of 11?
False
Is 245391185 a multiple of 10?
False
Is 139 a factor of 1203299412?
False
Is 53 a factor of 2844016570?
True
Does 171 divide 151687789?
False
Does 1565 divide 1673992860?
True
Is 196202318 a multiple of 1002?
False
Does 3224 divide 53812051?
False
Is 14 a factor of 216888854?
True
Is 200 a factor of 6814400?
True
Does 16 divide 132894811?
False
Is 21 a factor of 336817214?
False
Is 554 a factor of 33375176?
True
Is 566930715 a multiple of 841?
True
Is 1067 a factor of 639103124?
True
Does 166 divide 83707146?
False
Does 7134 divide 254434110?
True
Is 7112621 a multiple of 3?
False
Is 185 a factor of 674499640?
True
Is 381 a factor of 35205162?
True
Is 479 a factor of 158638573?
True
Is 36843523 a multiple of 161?
False
Does 120 divide 6754129?
False
Is 114 a factor of 14582273?
False
Is 11 a factor of 26939512?
False
Is 6051519 a multiple of 2451?
True
Is 194 a factor of 749158936?
True
Does 13 divide 79537985?
False
Is 11 a factor of 1381298072?
True
Is 25518528 a multiple of 96?
True
Is 61729671 a multiple of 4?
False
Is 18056448 a multiple of 32?
True
Is 18386496 a multiple of 4194?
True
Is 117976867 a multiple of 1403?
True
Is 1370 a factor of 62078673?
False
Is 67 a factor of 101713743?
False
Is 7 a factor of 17